{"id":6,"date":"2012-05-07T12:01:44","date_gmt":"2012-05-07T10:01:44","guid":{"rendered":"http:\/\/albatros-personal.com\/word\/zeitarbeit\/"},"modified":"2020-06-04T15:03:06","modified_gmt":"2020-06-04T13:03:06","slug":"zeitarbeit","status":"publish","type":"page","link":"https:\/\/albatros-personal.com\/2020\/zeitarbeit\/","title":{"rendered":"Zeitarbeit"},"content":{"rendered":"<div id='full_slider_1'  class='avia-fullwidth-slider main_color avia-shadow   avia-builder-el-0  el_before_av_textblock  avia-builder-el-first   container_wrap fullsize'  >\n<style type=\"text\/css\" data-created_by=\"avia_inline_auto\" id=\"style-css-av-av_slideshow_full-60fa3ae07e98f4d2e421da868a7fe0b2\">\n#top #wrap_all .avia-slideshow .av-slideshow-caption.av-av_slideshow_full-60fa3ae07e98f4d2e421da868a7fe0b2__0 .avia-caption-title{\nfont-size:30px;\n}\n#top .avia-slideshow .av-slideshow-caption.av-av_slideshow_full-60fa3ae07e98f4d2e421da868a7fe0b2__0 .avia-caption-content{\nfont-size:20px;\n}\n#top .avia-slideshow .av-slideshow-caption.av-av_slideshow_full-60fa3ae07e98f4d2e421da868a7fe0b2__0 .avia-caption-content p{\nfont-size:20px;\n}\n<\/style>\n<div  class='avia-slideshow av-av_slideshow_full-60fa3ae07e98f4d2e421da868a7fe0b2 avia-slideshow-featured_large av_slideshow_full avia-fade-slider av-slideshow-ui av-control-default av-slideshow-autoplay av-loop-endless av-loop-manual-endless av-default-height-applied   avia-slideshow-1' data-slideshow-options=\"{&quot;animation&quot;:&quot;fade&quot;,&quot;autoplay&quot;:true,&quot;loop_autoplay&quot;:&quot;endless&quot;,&quot;interval&quot;:5,&quot;loop_manual&quot;:&quot;manual-endless&quot;,&quot;autoplay_stopper&quot;:false,&quot;noNavigation&quot;:false,&quot;bg_slider&quot;:false,&quot;keep_padding&quot;:false,&quot;hoverpause&quot;:false,&quot;show_slide_delay&quot;:0}\" ><ul class='avia-slideshow-inner ' style='padding-bottom: 42%;'><li  class='avia-slideshow-slide av-av_slideshow_full-60fa3ae07e98f4d2e421da868a7fe0b2__0  av-single-slide slide-1 slide-odd'><div data-rel='slideshow-1' class='avia-slide-wrap '   ><div class='av-slideshow-caption av-av_slideshow_full-60fa3ae07e98f4d2e421da868a7fe0b2__0 caption_fullwidth caption_left'><div class=\"container caption_container\"><div class=\"slideshow_caption\"><div class=\"slideshow_inner_caption\"><div class=\"slideshow_align_caption\"><h2 class='avia-caption-title ' >Zeitarbeit<\/h2><\/div><\/div><\/div><\/div><\/div><img fetchpriority=\"high\" class=\"wp-image-3570 avia-img-lazy-loading-not-3570\"  src='https:\/\/albatros-personal.com\/2020\/wp-content\/uploads\/2020\/06\/AdobeStock_201767259-1500x630.jpeg' width='1500' height='630' title='Landschaftspark Duisburg-Nord' alt=''   \/><\/div><\/li><\/ul><\/div><\/div><div id='after_full_slider_1'  class='main_color av_default_container_wrap container_wrap fullsize'  ><div class='container av-section-cont-open' ><div class='template-page content  av-content-full alpha units'><div class='post-entry post-entry-type-page post-entry-6'><div class='entry-content-wrapper clearfix'>\n<section  class='av_textblock_section av-av_textblock-0366cc7376be6c9e82a3e9cc8987b64f '  ><div class='avia_textblock' ><p><strong>Wir sorgen f\u00fcr Ihre Flexibilit\u00e4t! <\/strong><\/p>\n<p>Zeitarbeit als flexible Form der Besch\u00e4ftigung hat sich zu einem unverzichtbaren Bestandteil des Wirtschaftsprozesses entwickelt. Kurzfristige Personalengp\u00e4sse, betriebliche Ver\u00e4nderungen, ein gro\u00dfes Auftragsvolumen oder Produktionsspitzen, wir k\u00f6nnen kurzfristig die Personalst\u00e4rke Ihrer Auftragslage anpassen und Ihnen die optimale Personall\u00f6sung bieten.<\/p>\n<p>Legen Sie die Besetzung Ihrer offenen Stellen in unsere H\u00e4nde. Unsere Mitarbeiter werden sorgf\u00e4ltig ausgew\u00e4hlt und auf die speziellen Bed\u00fcrfnisse unserer Kunden vorbereitet.<\/p>\n<p>Mit Kompetenz und sozialer Verantwortung k\u00f6nnen wir Ihnen unsere motivierten Mitarbeiter zeitnah zur Verf\u00fcgung stellen, so dass Sie sich auf Ihr Kerngesch\u00e4ft konzentrieren k\u00f6nnen.<\/p>\n<p>M\u00f6chten Sie mehr \u00fcber Arbeitnehmer\u00fcberlassung von Albatros wissen, freut sich unser Team \u00fcber Ihre Kontaktaufnahme!<\/p>\n<\/div><\/section>\n","protected":false},"excerpt":{"rendered":"","protected":false},"author":1,"featured_media":0,"parent":0,"menu_order":25,"comment_status":"closed","ping_status":"closed","template":"","meta":{"footnotes":""},"class_list":["post-6","page","type-page","status-publish","hentry"],"_links":{"self":[{"href":"https:\/\/albatros-personal.com\/2020\/wp-json\/wp\/v2\/pages\/6","targetHints":{"allow":["GET"]}}],"collection":[{"href":"https:\/\/albatros-personal.com\/2020\/wp-json\/wp\/v2\/pages"}],"about":[{"href":"https:\/\/albatros-personal.com\/2020\/wp-json\/wp\/v2\/types\/page"}],"author":[{"embeddable":true,"href":"https:\/\/albatros-personal.com\/2020\/wp-json\/wp\/v2\/users\/1"}],"replies":[{"embeddable":true,"href":"https:\/\/albatros-personal.com\/2020\/wp-json\/wp\/v2\/comments?post=6"}],"version-history":[{"count":6,"href":"https:\/\/albatros-personal.com\/2020\/wp-json\/wp\/v2\/pages\/6\/revisions"}],"predecessor-version":[{"id":3601,"href":"https:\/\/albatros-personal.com\/2020\/wp-json\/wp\/v2\/pages\/6\/revisions\/3601"}],"wp:attachment":[{"href":"https:\/\/albatros-personal.com\/2020\/wp-json\/wp\/v2\/media?parent=6"}],"curies":[{"name":"wp","href":"https:\/\/api.w.org\/{rel}","templated":true}]}}

<div id='full_slider_1'  class='avia-fullwidth-slider main_color avia-shadow   avia-builder-el-0  el_before_av_textblock  avia-builder-el-first   container_wrap fullsize'  >
<style type="text/css" data-created_by="avia_inline_auto" id="style-css-av-av_slideshow_full-60fa3ae07e98f4d2e421da868a7fe0b2">
#top #wrap_all .avia-slideshow .av-slideshow-caption.av-av_slideshow_full-60fa3ae07e98f4d2e421da868a7fe0b2__0 .avia-caption-title{
font-size:30px;
}
#top .avia-slideshow .av-slideshow-caption.av-av_slideshow_full-60fa3ae07e98f4d2e421da868a7fe0b2__0 .avia-caption-content{
font-size:20px;
}
#top .avia-slideshow .av-slideshow-caption.av-av_slideshow_full-60fa3ae07e98f4d2e421da868a7fe0b2__0 .avia-caption-content p{
font-size:20px;
}
</style>
<div  class='avia-slideshow av-av_slideshow_full-60fa3ae07e98f4d2e421da868a7fe0b2 avia-slideshow-featured_large av_slideshow_full avia-fade-slider av-slideshow-ui av-control-default av-slideshow-autoplay av-loop-endless av-loop-manual-endless av-default-height-applied   avia-slideshow-1' data-slideshow-options="{&quot;animation&quot;:&quot;fade&quot;,&quot;autoplay&quot;:true,&quot;loop_autoplay&quot;:&quot;endless&quot;,&quot;interval&quot;:5,&quot;loop_manual&quot;:&quot;manual-endless&quot;,&quot;autoplay_stopper&quot;:false,&quot;noNavigation&quot;:false,&quot;bg_slider&quot;:false,&quot;keep_padding&quot;:false,&quot;hoverpause&quot;:false,&quot;show_slide_delay&quot;:0}" ><ul class='avia-slideshow-inner ' style='padding-bottom: 42%;'><li  class='avia-slideshow-slide av-av_slideshow_full-60fa3ae07e98f4d2e421da868a7fe0b2__0  av-single-slide slide-1 slide-odd'><div data-rel='slideshow-1' class='avia-slide-wrap '   ><div class='av-slideshow-caption av-av_slideshow_full-60fa3ae07e98f4d2e421da868a7fe0b2__0 caption_fullwidth caption_left'><div class="container caption_container"><div class="slideshow_caption"><div class="slideshow_inner_caption"><div class="slideshow_align_caption"><h2 class='avia-caption-title ' >Zeitarbeit</h2></div></div></div></div></div><img fetchpriority="high" class="wp-image-3570 avia-img-lazy-loading-not-3570"  src='https://albatros-personal.com/2020/wp-content/uploads/2020/06/AdobeStock_201767259-1500x630.jpeg' width='1500' height='630' title='Landschaftspark Duisburg-Nord' alt=''   /></div></li></ul></div></div><div id='after_full_slider_1'  class='main_color av_default_container_wrap container_wrap fullsize'  ><div class='container av-section-cont-open' ><div class='template-page content  av-content-full alpha units'><div class='post-entry post-entry-type-page post-entry-6'><div class='entry-content-wrapper clearfix'>
<section  class='av_textblock_section av-av_textblock-0366cc7376be6c9e82a3e9cc8987b64f '  ><div class='avia_textblock' ><p><strong>Wir sorgen für Ihre Flexibilität! </strong></p>
<p>Zeitarbeit als flexible Form der Beschäftigung hat sich zu einem unverzichtbaren Bestandteil des Wirtschaftsprozesses entwickelt. Kurzfristige Personalengpässe, betriebliche Veränderungen, ein großes Auftragsvolumen oder Produktionsspitzen, wir können kurzfristig die Personalstärke Ihrer Auftragslage anpassen und Ihnen die optimale Personallösung bieten.</p>
<p>Legen Sie die Besetzung Ihrer offenen Stellen in unsere Hände. Unsere Mitarbeiter werden sorgfältig ausgewählt und auf die speziellen Bedürfnisse unserer Kunden vorbereitet.</p>
<p>Mit Kompetenz und sozialer Verantwortung können wir Ihnen unsere motivierten Mitarbeiter zeitnah zur Verfügung stellen, so dass Sie sich auf Ihr Kerngeschäft konzentrieren können.</p>
<p>Möchten Sie mehr über Arbeitnehmerüberlassung von Albatros wissen, freut sich unser Team über Ihre Kontaktaufnahme!</p>
</div></section>
